14611*q + 5009. Calculate g(162).
-13
Let j(p) = 2*p**3 - 801*p**2 - 1418*p + 407782. What is j(401)?
-35
Let u(j) = 49*j**3 - 11*j**2 - 543*j - 533. Determine u(-1).
-50
Let n(x) = -x**2 + 9682*x - 1005581. Give n(105).
4
Let t(l) = 362*l**2 - 5131*l + 869. Determine t(14).
-13
Let f(d) = 12*d**2 - 697*d + 9357. What is f(37)?
-4
Let r(a) = 23*a**2 - 640*a + 199. Calculate r(25).
-1426
Let t(i) = 23*i**3 - 5013*i**2 - 218*i + 3. Calculate t(218).
3
Let i(d) = d**2 - 7362*d + 110117. Give i(15).
-88
Let f(a) = 4*a**2 - 1583*a - 4742. Give f(-3).
43
Let t(d) = -3260*d - 2548. What is t(-1)?
712
Let u(m) = m**2 - 267*m - 35804. Determine u(-101).
1364
Let c(k) = -6470*k - 847559. Give c(-131).
11
Let n(k) = -147*k - 17692. Determine n(-121).
95
Let u(o) = 21483*o - 816355. Give u(38).
-1
Let w(m) = -m**3 + 19*m**2 - 55*m - 104. What is w(16)?
-216
Let l(n) = -n**3 + 15*n**2 - 5213*n + 77831. Determine l(15).
-364
Let v(q) = -1966597*q + 9832987. Determine v(5).
2
Let x(v) = -31*v**3 + 7*v**2 - 20*v - 78. What is x(5)?
-3878
Let o(c) = 53*c**2 - 266*c - 411. Determine o(7).
324
Let b(r) = 2*r**3 + 10*r**2 + 309*r + 1564. What is b(-5)?
19
Let b(g) = -3*g**3 - 3*g**2 - 349*g - 2317. Calculate b(-7).
1008
Let s(m) = -129*m - 3805. Give s(-26).
-451
Let i(q) = -9*q**3 - 9*q**2 - 187*q + 416. Give i(2).
-66
Let a(c) = -51*c**2 + 65*c - 371. Give a(6).
-1817
Let k(m) = -2*m**3 - 71*m**2 + 160*m + 1824. What is k(-37)?
11
Let u(r) = 7*r**3 + 3*r**2 + 1809*r - 3625. Determine u(2).
61
Let y(w) = 2*w**3 + 2*w**2 - 263*w - 11. What is y(-12)?
-23
Let i(m) = -m**2 + 139231*m + 16582651. Calculate i(-119).
1
Let f(y) = -214*y**3 - 49426*y**2 + 1850*y + 559. Give f(-231).
97
Let v(s) = s**2 - 68*s - 3144. Give v(107).
1029
Let v(d) = -1648*d - 642724. Determine v(-390).
-4
Let z(m) = 50*m**2 + 2480*m + 4769. What is z(-2)?
9
Let p(i) = -2*i**2 + 45511*i - 364093. Determine p(8).
-133
Let o(c) = -285*c**2 + 144492*c + 1814. Calculate o(507).
293
Let g(z) = 8*z**3 - 628*z**2 + 7423*z + 39. Calculate g(64).
-25
Let q(r) = -138645*r - 138650. Determine q(-1).
-5
Let s(y) = 476191*y + 3. Determine s(0).
3
Let d(u) = 79*u**2 + 127*u + 11. Calculate d(1).
217
Let u(d) = -9206*d - 9992. Calculate u(-1).
-786
Let w(l) = 24901*l + 174307. Determine w(-7).
0
Let x(j) = 5*j**3 - 5*j**2 - 14*j + 30. What is x(2)?
22
Let m(x) = -6*x**2 - 341*x - 2152. Determine m(-8).
192
Let y(j) = 6306*j - 6123083. What is y(971)?
43
Let i(k) = -2*k**3 - 4678*k**2 + 13748*k - 711953. Determine i(-2342).
15
Let p(y) = -33*y**2 + 4893*y + 24428. What is p(-5)?
-862
Let s(q) = 634*q**2 + 3853*q + 299. Determine s(-6).
5
Let i(a) = -4*a**2 - 402*a - 447. Determine i(-97).
911
Let t(c) = 224421*c + 16. What is t(0)?
16
Let z(y) = 14815*y - 548131. Determine z(37).
24
Let n(j) = -j**2 - 318*j + 82059. Calculate n(169).
-244
Let x(g) = -g**3 - 41*g**2 + 1989*g + 4229. Calculate x(30).
-1
Let o(m) = 104*m**2 - 910*m + 43. What is o(11)?
2617
Let w(v) = 1094862*v + 71166026. Give w(-65).
-4
Let h(s) = -s**2 + 6355*s + 1685551. Determine h(-255).
1
Let t(c) = 3*c**2 - 479*c + 14378. Calculate t(118).
-372
Let c(l) = l**3 + 26*l**2 + 81*l + 25. Give c(-15).
1285
Let j(f) = -5*f**2 + 560*f + 13410. Calculate j(133).
-555
Let f(r) = -r**3 - 55*r**2 - 795*r - 303. Calculate f(-28).
789
Let j(d) = -2*d**3 - 53*d**2 - 367*d - 10644. Give j(-27).
-6
Let o(k) = -9*k**2 + 1377*k + 16259. Determine o(164).
23
Let j(v) = v**2 + 194*v + 9832. Give j(-105).
487
Let j(k) = -2*k**3 - 16*k**2 - 991*k - 8072. Give j(-8).
-144
Let m(n) = 2302785*n + 9. Give m(0).
9
Let n(j) = -j**3 + 23*j**2 + 19*j - 6983. Give n(-14).
3
Let l(g) = -137374*g - 137232. What is l(-1)?
142
Let d(u) = u**2 - 1277*u - 473092. What is d(-300)?
8
Let h(a) = -123*a**2 - 58589*a - 77906. What is h(-475)?
-6
Let m(c) = 21*c**3 + 3253*c**2 - 315*c - 438. Give m(-155).
337
Let i(p) = -p**3 + 328*p**2 - 1931*p - 372. Give i(322).
-50
Let g(y) = -y**3 + 411*y**2 - 28425*y + 102. Determine g(88).
14
Let z(x) = -x**2 - 24273*x + 1801680. Determine z(74).
2
Let p(r) = -3*r**3 + 6*r**2 + 176*r + 480. Give p(-8).
992
Let n(o) = 339*o - 740. Give n(5).
955
Let u(p) = -16*p**3 + 3746*p**2 - 7885*p - 605. Calculate u(232).
91
Let c(l) = -l**3 - 48*l**2 + 3*l + 628. Calculate c(-48).
484
Let k(h) = -3*h**3 + 92*h**2 + 113*h - 2546. Determine k(31).
-4
Let l(f) = f**2 + 108*f - 10117. Calculate l(60).
-37
Let s(q) = 3*q**3 - 228*q**2 - 31*q + 2346. Determine s(76).
-10
Let l(j) = 23*j**2 + 260*j + 81. Give l(-11).
4
Let b(z) = 66*z**2 - 1048*z - 75. Give b(16).
53
Let z(h) = -19526*h + 39067. Give z(2).
15
Let q(h) = 4*h**2 - 214*h - 21. Give q(51).
-531
Let z(u) = -u**2 + 206*u + 33099. Calculate z(312).
27
Let i(k) = 1798*k + 82711. Give i(-46).
3
Let r(f) = 15133*f + 499404. Give r(-33).
15
Let t(f) = f**3 - 90*f**2 + 478*f + 153. What is t(84)?
-2031
Let w(p) = -82*p**2 - 1301*p - 13. Give w(-16).
-189
Let x(m) = 3053*m + 71163. Calculate x(-23).
944
Let i(y) = -15651*y + 594700. Determine i(38).
-38
Let f(u) = 8*u**3 - 1334*u**2 - 347*u + 2146. Calculate f(167).
-25
Let m(k) = -49*k**2 + 1118*k - 5394. Give m(5).
-1029
Let t(n) = -46*n**2 - 34*n - 5. Determine t(3).
-521
Let v(o) = -23033*o + 22389. Calculate v(1).
-644
Let a(s) = 16393*s + 163379. Calculate a(-10).
-551
Let l(q) = -83*q**2 - 2212*q + 361. Calculate l(-27).
-422
Let l(h) = 7*h**2 - 330*h + 1403. What is l(42)?
-109
Let d(v) = 27*v**2 - 6761*v - 6761. Calculate d(-1).
27
Let j(w) = -w**3 + 74*w**2 - 1321*w + 64. Give j(44).
20
Let j(n) = -24*n**3 - 11*n**2 + 23*n - 50. Give j(3).
-728
Let j(i) = 15314*i - 413472. Determine j(27).
6
Let y(d) = 28*d**2 + 1683*d - 1549. Calculate y(-61).
-24
Let t(q) = -57996*q - 7075535. What is t(-122)?
-23
Let b(f) = -f**3 - 89*f**2 - 1587*f - 1488. What is b(-65)?
267
Let s(w) = -163*w**2 + 13203*w + 4. Determine s(81).
4
Let m(o) = o**3 - 105*o**2 + 3471*o - 379153. What is m(106)?
9
Let f(o) = -636*o + 37206. Give f(59).
-318
Let q(x) = 12014*x - 372546. Calculate q(31).
-112
Let t(i) = -2220*i + 4499. Determine t(2).
59
Let k(z) = 5*z**3 - 238*z**2 - 376*z + 1624. Give k(49).
7
Let s(o) = 43986*o + 88001. Determine s(-2).
29
Let j(a) = -a**2 + 10*a + 3087. Determine j(60).
87
Let k(z) = -z**2 - 113*z + 2886. What is k(25)?
-564
Let y(x) = x**2 - 2916*x - 109274. What is y(-37)?
-13
Let w(x) = 4*x**2 - 2328*x + 27751. What is w(12)?
391
Let o(b) = 79041*b - 1817905. Determine o(23).
38
Let v(i) = -2383*i - 248031. Calculate v(-104).
-199
Let m(a) = -21*a**2 - 1663*a - 175. Give m(-79).
141
Let t(l) = -l**2 + 1026*l + 16674. Calculate t(-16).
2
Let l(q) = 3*q**2 + 473*q + 3270. Determine l(-144).
-2634
Let g(w) = -15*w**2 + 1744*w - 25670. What is g(99)?
-29
Let l(o) = 3*o**3 + 397*o**2 + 5084*o + 1182. Give l(-118).
2
Let g(c) = c**3 - 68*c**2 + 1130*c + 18. Give g(39).
-21
Let b(f) = -288*f - 78863. Calculate b(-274).
49
Let t(u) = 107*u**2 - 15410*u + 299. Determine t(144).
11
Let n(p) = -145*p**2 - 4790*p - 128. Give n(-33).
37
Let k(c) = -46081*c - 230443. Determine k(-5).
-38
Let g(z) = 29896*z + 1943234. Determine g(-65).
-6
Let o(a) = a**2 - 946*a + 175327. Give o(253).
-2
Let b(z) = -7*z**3 + 74*z**2 + 125*z - 79. Give b(12).
-19
Let s(g) = -g**2 + 1801*g - 498974. Give s(342).
4
Let w(b) = -b**3 + 29*b**2 + 123*b + 3044. Calculate w(35).
-1
Let p(k) = 2*k**3 - 60*k**2 + 531*k - 14142. Calculate p(30).
1788
Let j(w) = 10*w**2 - 2849*w + 2880. Give j(284).
324
Let z(f) = 1903*f + 222669. What is z(-117)?
18
Let v(z) = -711*z + 26828. Calculate v(38).
-190
Let f(c) = -1223*c + 10258. What is f(11)?
-3195
Let z(o) = 14*o**3 + 172*o**2 + 41*o + 17. Calculate z(-12).
101
Let i(y) = -38*y**3 - 10032*y**2 - 3*y - 725. What is i(-264)?
67
Let w(t) = -t**3 - 10*t**2 + 1275*t + 8861. Calculate w(-7).
-211
Let j(w) = -w**2 + 15895*w - 4249446. Calculate j(272).
10
Let f(b) = -3*b**3 - 48*b**2 - 208*b - 185. Give f(-3).
88
Let m(w) = -w**3 + 6*w**2 + 101*w + 274. What is m(15)?
-236
Let k(u) = u**3 - 115*u**2 + 916*u - 6414. Determine k(107).
6
Let n(x) = x**3 + 290*x**2 - 1471*x + 17. Calculate n(5).
37
Let a(l) = -l**2 + 15*l + 2120. Determine a(45).
770
Let i(m) = m**3 - 1208*m**2 - 16927*m - 221147. What is i(1222)?
35
Let a(k) = 3*k**2 - 259